red thousands digit of 19969056?
9
What is the hundred millions digit of 2061861543?
0
What is the hundreds digit of 6642647?
6
What is the thousands digit of 459024532?
4
What is the hundred thousands digit of 2487246133?
2
What is the ten millions digit of 7334073738?
3
What is the hundreds digit of 150310526?
5
What is the thousands digit of 5426598?
6
What is the millions digit of 450412616?
0
What is the millions digit of 95234718?
5
What is the hundred thousands digit of 13044169?
0
What is the hundreds digit of 20827527?
5
What is the billions digit of 1117658236?
1
What is the hundred millions digit of 346054703?
3
What is the ten thousands digit of 36720692?
2
What is the hundreds digit of 222671269?
2
What is the hundred thousands digit of 38307021?
3
What is the hundred millions digit of 306447684?
3
What is the units digit of 488370623?
3
What is the ten millions digit of 81379563?
8
What is the ten thousands digit of 1079755605?
5
What is the units digit of 5943335?
5
What is the hundreds digit of 351758450?
4
What is the hundred thousands digit of 36880395?
8
What is the millions digit of 54865221?
4
What is the ten millions digit of 1077408704?
7
What is the units digit of 24735715?
5
What is the units digit of 24590439?
9
What is the hundreds digit of 1443333552?
5
What is the thousands digit of 2800283496?
3
What is the millions digit of 31519159?
1
What is the millions digit of 84309732?
4
What is the billions digit of 4278509777?
4
What is the thousands digit of 1519321165?
1
What is the hundred millions digit of 2801141022?
8
What is the hundred thousands digit of 49095507?
0
What is the hundreds digit of 260828050?
0
What is the ten millions digit of 51742497?
5
What is the ten thousands digit of 2039890900?
9
What is the hundred thousands digit of 87617030?
6
What is the hundreds digit of 26495790?
7
What is the ten millions digit of 97744368?
9
What is the tens digit of 231649074?
7
What is the hundreds digit of 4848089134?
1
What is the hundred thousands digit of 1001765277?
7
What is the millions digit of 4627724949?
7
What is the thousands digit of 509254006?
4
What is the ten millions digit of 1499768221?
9
What is the tens digit of 2857587631?
3
What is the hundreds digit of 1438647368?
3
What is the millions digit of 955471934?
5
What is the millions digit of 276275130?
6
What is the ten thousands digit of 175242640?
4
What is the hundred thousands digit of 1889488796?
4
What is the ten millions digit of 1224105540?
2
What is the units digit of 1313303689?
9
What is the units digit of 1782978096?
6
What is the ten thousands digit of 367209773?
0
What is the units digit of 248841196?
6
What is the tens digit of 36694241?
4
What is the hundred thousands digit of 15932733?
9
What is the millions digit of 4554061626?
4
What is the hundreds digit of 342568235?
2
What is the millions digit of 2277326?
2
What is the ten millions digit of 940515811?
4
What is the ten thousands digit of 102333379?
3
What is the tens digit of 84194046?
4
What is the ten thousands digit of 553383708?
8
What is the millions digit of 106866022?
6
What is the hundred thousands digit of 3242213?
2
What is the millions digit of 28352676?
8
What is the hundred millions digit of 375696812?
3
What is the units digit of 251818560?
0
What is the thousands digit of 595112867?
2
What is the hundreds digit of 611736764?
7
What is the hundred thousands digit of 532858981?
8
What is the ten thousands digit of 147849289?
4
What is the ten thousands digit of 42878400?
7
What is the millions digit of 1822168418?
2
What is the units digit of 192936367?
7
What is the millions digit of 278215449?
8
What is the hundred millions digit of 123826512?
1
What is the thousands digit of 69604486?
4
What is the hundred millions digit of 1365350594?
3
What is the tens digit of 4776798759?
5
What is the units digit of 124909407?
7
What is the tens digit of 78606849?
4
What is the hundred thousands digit of 124424624?
4
What is the millions digit of 403099803?
3
What is the millions digit of 706747605?
6
What is the ten thousands digit of 750858043?
5
What is the ten thousands digit of 323355941?
5
What is the thousands digit of 218242483?
2
What is the thousands digit of 6930866479?
6
What is the millions digit of 8796326?
8
What is the ten thousands digit of 143626531?
2
What is the hundred millions digit of 262819862?
2
What is the millions digit of 342671324?
2
What is the hundred thousands digit of 2796346511?
3
What is the hundred millions digit of 1884487799?
8
What is the hundreds digit of 362604247?
2
What is the millions digit of 1102748864?
2
What is the ten millions digit of 1306904455?
0
What is the thousands digit of 60898812?
8
What is the units digit of 4516292242?
2
What is the ten millions digit of 1916361453?
1
What is the thousands digit of 40471467?
1
What is the thousands digit of 2680065570?
5
What is the thousands digit of 79941939?
1
What is the hundred millions digit of 113617854?
1
What is the units digit of 1522251711?
1
What is the tens digit of 2370877254?
5
What is the tens digit of 14929266?
6
What is the units digit of 216318205?
5
What is the ten thousands digit of 410335188?
3
What is the units digit of 39270853?
3
What is the units digit of 316600665?
5
What is the millions digit of 83144326?
3
What is the ten thousands digit of 59902743?
0
What is the hundreds digit of 3528169?
1
What is the units digit of 1902020701?
1
What is the thousands digit of 260444145?
4
What is the hundred thousands digit of 13989495?
9
What is the hundreds digit of 293471479?
4
What is the hundreds digit of 25377515?
5
What is the hundred thousands digit of 178009730?
0
What is the ten thousands digit of 37868139?
6
What is the units digit of 11977607?
7
What is the millions digit of 4058989043?
8
What is the tens digit of 99606981?
8
What is the thousands digit of 23552243?
2
What is the hundred thousands digit of 9198831?
1
What is the thousands digit of 37060871?
0
What is the tens digit of 879266591?
9
What is the hundred thousands digit of 1892720553?
7
What is the millions digit of 32221209?
2
What is the thousands digit of 129549963?
9
What is the billions digit of 1658581619?
1
What is the thousands digit of 33813473?
3
What is the ten thousands digit of 903254623?
5
What is the millions digit of 4588926882?
8
What is the ten millions digit of 54269552?
5
What is the hundreds digit of 287111358?
3
What is the tens digit of 1331501?
0
What is the hundred thousands digit of 6480951768?
9
What is the thousands digit of 355211027?
1
What is the hundred thousands digit of 1787000554?
0
What is the hundreds digit of 71894814?
8
What is the millions digit of 701101662?
1
What is the tens digit of 643010068?
6
What is the hundred thousands digit of 32477962?
4
What is the hundreds digit of 1122164092?
0
What is the ten millions digit of 44988464?
4
What is the ten thousands digit of 229161152?
6
What is the ten thousands digit of 318649094?
4
What is the hundred thousands digit of 505526445?
5
What is the ten millions digit of 557235236?
5
What is the units digit of 64054457?
7
What is the ten millions digit of 434623554?
3
What is the hundred thousands digit of 38551431?
5
What is the millions digit of 43311718?
3
What is the thousands digit of 60294201?
4
What is the hundreds digit of 594753232?
2
What is the ten millions digit of 25749513?
2
What is the thousands digit of 44556482?
6
What is the ten thousands digit of 145453532?
5
What is the thousands digit of 822219595?
9
What is the hundreds digit of 67914603?
6
What is the ten thousands digit of 73507595?
0
What is the tens digit of 651651607?
0
What is the units digit of 46940431?
1
What is the ten millions digit of 151690615?
5
What is the tens digit of 482171770?
7
What is the ten millions digit of 53968972?
5
What is the hundred millions digit of 290604135?
2
What is the ten millions digit of 123606235?
2
What is the thousands digit of 1168409467?
9
What is the hundreds digit of 480235882?
8
What is the ten thousands digit of 66515161?
1
What is the hundred thousands digit of 203730287?
7
What is the tens digit of 1363312042?
4
What is the hundreds digit of 2564948369?
3
What is the millions dig